{"id":177,"date":"2022-03-09T21:16:25","date_gmt":"2022-03-09T21:16:25","guid":{"rendered":"https:\/\/moto-racing-darmstadt.de\/?page_id=177"},"modified":"2022-03-09T22:31:25","modified_gmt":"2022-03-09T22:31:25","slug":"unterstuetzen-sie-uns","status":"publish","type":"page","link":"https:\/\/moto-racing-darmstadt.de\/index.php\/unterstuetzen-sie-uns\/","title":{"rendered":"Unterst\u00fctzen Sie uns"},"content":{"rendered":"\n<p>Wir wollen gemeinsam mit Ihnen die Zukunft der Motorrad-Technik gestalten und entwickeln. Durch die Teilnahme an der internationalen MotoStudent w\u00e4chst unser internationales Netzwerk, sowie unsere Kompetenz zur Entwicklung von modernen Motorr\u00e4dern stetig an. Dabei bieten wir den Studierenden der Technischen Universit\u00e4t und Fachhochschule Darmstadt die M\u00f6glichkeit, gemeinsam mit uns neue Herausforderungen und L\u00f6sungen auf dem Gebiet der Motorrad-Technik zu entdecken.<\/p>\n\n\n<div class=\"wpforms-container wpforms-container-full contact-form\" id=\"wpforms-181\"><form id=\"wpforms-form-181\" class=\"wpforms-validate wpforms-form wpforms-ajax-form\" data-formid=\"181\" method=\"post\" enctype=\"multipart\/form-data\" action=\"\/index.php\/wp-json\/wp\/v2\/pages\/177\" data-token=\"3ccd063bbfa1abe83117b5de1f9fdcb7\"><noscript class=\"wpforms-error-noscript\">Bitte aktiviere JavaScript in deinem Browser, um dieses Formular fertigzustellen.<\/noscript><div class=\"wpforms-field-container\"><div id=\"wpforms-181-field_0-container\" class=\"wpforms-field wpforms-field-name\" data-field-id=\"0\"><label class=\"wpforms-field-label\" for=\"wpforms-181-field_0\">Name <span class=\"wpforms-required-label\">*<\/span><\/label><input type=\"text\" id=\"wpforms-181-field_0\" class=\"wpforms-field-medium wpforms-field-required\" name=\"wpforms[fields][0]\" required><\/div><div id=\"wpforms-181-field_3-container\" class=\"wpforms-field wpforms-field-text\" data-field-id=\"3\"><label class=\"wpforms-field-label\" for=\"wpforms-181-field_3\">Organisation <span class=\"wpforms-required-label\">*<\/span><\/label><input type=\"text\" id=\"wpforms-181-field_3\" class=\"wpforms-field-medium wpforms-field-required\" name=\"wpforms[fields][3]\" required><\/div><div id=\"wpforms-181-field_1-container\" class=\"wpforms-field wpforms-field-email\" data-field-id=\"1\"><label class=\"wpforms-field-label\" for=\"wpforms-181-field_1\">Email <span class=\"wpforms-required-label\">*<\/span><\/label><input type=\"email\" id=\"wpforms-181-field_1\" class=\"wpforms-field-medium wpforms-field-required\" name=\"wpforms[fields][1]\" required><\/div><div id=\"wpforms-181-field_7-container\" class=\"wpforms-field wpforms-field-checkbox\" data-field-id=\"7\"><label class=\"wpforms-field-label\" for=\"wpforms-181-field_7\">Art der Unterst\u00fctzung<\/label><ul id=\"wpforms-181-field_7\"><li class=\"choice-1 depth-1\"><input type=\"checkbox\" id=\"wpforms-181-field_7_1\" name=\"wpforms[fields][7][]\" value=\"Sachspende\"  ><label class=\"wpforms-field-label-inline\" for=\"wpforms-181-field_7_1\">Sachspende<\/label><\/li><li class=\"choice-2 depth-1\"><input type=\"checkbox\" id=\"wpforms-181-field_7_2\" name=\"wpforms[fields][7][]\" value=\"Spende\"  ><label class=\"wpforms-field-label-inline\" for=\"wpforms-181-field_7_2\">Spende<\/label><\/li><li class=\"choice-3 depth-1\"><input type=\"checkbox\" id=\"wpforms-181-field_7_3\" name=\"wpforms[fields][7][]\" value=\"Sponsoring\"  ><label class=\"wpforms-field-label-inline\" for=\"wpforms-181-field_7_3\">Sponsoring<\/label><\/li><li class=\"choice-4 depth-1\"><input type=\"checkbox\" id=\"wpforms-181-field_7_4\" name=\"wpforms[fields][7][]\" value=\"Sonstiges\"  ><label class=\"wpforms-field-label-inline\" for=\"wpforms-181-field_7_4\">Sonstiges<\/label><\/li><\/ul><\/div><div id=\"wpforms-181-field_2-container\" class=\"wpforms-field wpforms-field-textarea\" data-field-id=\"2\"><label class=\"wpforms-field-label\" for=\"wpforms-181-field_2\">Nachricht <span class=\"wpforms-required-label\">*<\/span><\/label><textarea id=\"wpforms-181-field_2\" class=\"wpforms-field-medium wpforms-field-required\" name=\"wpforms[fields][2]\" required><\/textarea><\/div><div id=\"wpforms-181-field_4-container\" class=\"wpforms-field wpforms-field-gdpr-checkbox\" data-field-id=\"4\"><label class=\"wpforms-field-label\" for=\"wpforms-181-field_4\">DSGVO-Einverst\u00e4ndnis <span class=\"wpforms-required-label\">*<\/span><\/label><ul id=\"wpforms-181-field_4\" class=\"wpforms-field-required\"><li class=\"choice-1\"><input type=\"checkbox\" id=\"wpforms-181-field_4_1\" name=\"wpforms[fields][4][]\" value=\"Ich willige ein, dass diese Website meine \u00fcbermittelten Informationen speichert, sodass meine Anfrage beantwortet werden kann.\" required ><label class=\"wpforms-field-label-inline\" for=\"wpforms-181-field_4_1\">Ich willige ein, dass diese Website meine \u00fcbermittelten Informationen speichert, sodass meine Anfrage beantwortet werden kann.<\/label><\/li><\/ul><\/div><\/div><input type=\"hidden\" name=\"wpforms[recaptcha]\" value=\"\"><div class=\"wpforms-submit-container\"><input type=\"hidden\" name=\"wpforms[id]\" value=\"181\"><input type=\"hidden\" name=\"wpforms[author]\" value=\"1\"><button type=\"submit\" name=\"wpforms[submit]\" id=\"wpforms-submit-181\" class=\"wpforms-submit contact-form-button\" data-alt-text=\"Nachricht wird versendet ...\" data-submit-text=\"Senden\" aria-live=\"assertive\" value=\"wpforms-submit\">Senden<\/button><img loading=\"lazy\" decoding=\"async\" src=\"https:\/\/moto-racing-darmstadt.de\/wp-content\/plugins\/wpforms-lite\/assets\/images\/submit-spin.svg\" class=\"wpforms-submit-spinner\" style=\"display: none;\" width=\"26\" height=\"26\" alt=\"Wird geladen\"><\/div><\/form><\/div>  <!-- .wpforms-container -->","protected":false},"excerpt":{"rendered":"<p>Wir wollen gemeinsam mit Ihnen die Zukunft der Motorrad-Technik gestalten und entwickeln. Durch die Teilnahme an der internationalen MotoStudent w\u00e4chst unser internationales Netzwerk, sowie unsere Kompetenz zur Entwicklung von modernen Motorr\u00e4dern stetig an. Dabei bieten wir den Studierenden der Technischen Universit\u00e4t und Fachhochschule Darmstadt die M\u00f6glichkeit, gemeinsam mit uns neue Herausforderungen und L\u00f6sungen auf dem [&hellip;]<\/p>\n","protected":false},"author":1,"featured_media":0,"parent":0,"menu_order":0,"comment_status":"closed","ping_status":"closed","template":"","meta":{"site-sidebar-layout":"default","site-content-layout":"","ast-site-content-layout":"default","site-content-style":"default","site-sidebar-style":"default","ast-global-header-display":"","ast-banner-title-visibility":"","ast-main-header-display":"","ast-hfb-above-header-display":"","ast-hfb-below-header-display":"","ast-hfb-mobile-header-display":"","site-post-title":"","ast-breadcrumbs-content":"","ast-featured-img":"","footer-sml-layout":"","ast-disable-related-posts":"","theme-transparent-header-meta":"","adv-header-id-meta":"","stick-header-meta":"","header-above-stick-meta":"","header-main-stick-meta":"","header-below-stick-meta":"","astra-migrate-meta-layouts":"default","ast-page-background-enabled":"default","ast-page-background-meta":{"desktop":{"background-color":"var(--ast-global-color-4)","background-image":"","background-repeat":"repeat","background-position":"center center","background-size":"auto","background-attachment":"scroll","background-type":"","background-media":"","overlay-type":"","overlay-color":"","overlay-opacity":"","overlay-gradient":""},"tablet":{"background-color":"","background-image":"","background-repeat":"repeat","background-position":"center center","background-size":"auto","background-attachment":"scroll","background-type":"","background-media":"","overlay-type":"","overlay-color":"","overlay-opacity":"","overlay-gradient":""},"mobile":{"background-color":"","background-image":"","background-repeat":"repeat","background-position":"center center","background-size":"auto","background-attachment":"scroll","background-type":"","background-media":"","overlay-type":"","overlay-color":"","overlay-opacity":"","overlay-gradient":""}},"ast-content-background-meta":{"desktop":{"background-color":"var(--ast-global-color-5)","background-image":"","background-repeat":"repeat","background-position":"center center","background-size":"auto","background-attachment":"scroll","background-type":"","background-media":"","overlay-type":"","overlay-color":"","overlay-opacity":"","overlay-gradient":""},"tablet":{"background-color":"var(--ast-global-color-5)","background-image":"","background-repeat":"repeat","background-position":"center center","background-size":"auto","background-attachment":"scroll","background-type":"","background-media":"","overlay-type":"","overlay-color":"","overlay-opacity":"","overlay-gradient":""},"mobile":{"background-color":"var(--ast-global-color-5)","background-image":"","background-repeat":"repeat","background-position":"center center","background-size":"auto","background-attachment":"scroll","background-type":"","background-media":"","overlay-type":"","overlay-color":"","overlay-opacity":"","overlay-gradient":""}},"footnotes":""},"class_list":["post-177","page","type-page","status-publish","hentry"],"yoast_head":"<!-- This site is optimized with the Yoast SEO plugin v20.2.1 - https:\/\/yoast.com\/wordpress\/plugins\/seo\/ -->\n<title>Unterst\u00fctzen Sie uns - Moto Racing Darmstadt e. V.<\/title>\n<meta name=\"robots\" content=\"noindex, follow, max-snippet:-1, max-image-preview:large, max-video-preview:-1\" \/>\n<meta property=\"og:locale\" content=\"de_DE\" \/>\n<meta property=\"og:type\" content=\"article\" \/>\n<meta property=\"og:title\" content=\"Unterst\u00fctzen Sie uns - Moto Racing Darmstadt e. V.\" \/>\n<meta property=\"og:description\" content=\"Wir wollen gemeinsam mit Ihnen die Zukunft der Motorrad-Technik gestalten und entwickeln. Durch die Teilnahme an der internationalen MotoStudent w\u00e4chst unser internationales Netzwerk, sowie unsere Kompetenz zur Entwicklung von modernen Motorr\u00e4dern stetig an. Dabei bieten wir den Studierenden der Technischen Universit\u00e4t und Fachhochschule Darmstadt die M\u00f6glichkeit, gemeinsam mit uns neue Herausforderungen und L\u00f6sungen auf dem [&hellip;]\" \/>\n<meta property=\"og:url\" content=\"https:\/\/moto-racing-darmstadt.de\/index.php\/unterstuetzen-sie-uns\/\" \/>\n<meta property=\"og:site_name\" content=\"Moto Racing Darmstadt e. V.\" \/>\n<meta property=\"article:modified_time\" content=\"2022-03-09T22:31:25+00:00\" \/>\n<meta name=\"twitter:card\" content=\"summary_large_image\" \/>\n<meta name=\"twitter:label1\" content=\"Gesch\u00e4tzte Lesezeit\" \/>\n\t<meta name=\"twitter:data1\" content=\"1\u00a0Minute\" \/>\n<script type=\"application\/ld+json\" class=\"yoast-schema-graph\">{\"@context\":\"https:\/\/schema.org\",\"@graph\":[{\"@type\":\"WebPage\",\"@id\":\"https:\/\/moto-racing-darmstadt.de\/index.php\/unterstuetzen-sie-uns\/\",\"url\":\"https:\/\/moto-racing-darmstadt.de\/index.php\/unterstuetzen-sie-uns\/\",\"name\":\"Unterst\u00fctzen Sie uns - Moto Racing Darmstadt e. V.\",\"isPartOf\":{\"@id\":\"https:\/\/moto-racing-darmstadt.de\/#website\"},\"datePublished\":\"2022-03-09T21:16:25+00:00\",\"dateModified\":\"2022-03-09T22:31:25+00:00\",\"breadcrumb\":{\"@id\":\"https:\/\/moto-racing-darmstadt.de\/index.php\/unterstuetzen-sie-uns\/#breadcrumb\"},\"inLanguage\":\"de\",\"potentialAction\":[{\"@type\":\"ReadAction\",\"target\":[\"https:\/\/moto-racing-darmstadt.de\/index.php\/unterstuetzen-sie-uns\/\"]}]},{\"@type\":\"BreadcrumbList\",\"@id\":\"https:\/\/moto-racing-darmstadt.de\/index.php\/unterstuetzen-sie-uns\/#breadcrumb\",\"itemListElement\":[{\"@type\":\"ListItem\",\"position\":1,\"name\":\"Startseite\",\"item\":\"https:\/\/moto-racing-darmstadt.de\/\"},{\"@type\":\"ListItem\",\"position\":2,\"name\":\"Unterst\u00fctzen Sie uns\"}]},{\"@type\":\"WebSite\",\"@id\":\"https:\/\/moto-racing-darmstadt.de\/#website\",\"url\":\"https:\/\/moto-racing-darmstadt.de\/\",\"name\":\"Moto Racing Darmstadt e. V.\",\"description\":\"Die studentische Motorrad Gruppe aus Darmstadt\",\"potentialAction\":[{\"@type\":\"SearchAction\",\"target\":{\"@type\":\"EntryPoint\",\"urlTemplate\":\"https:\/\/moto-racing-darmstadt.de\/?s={search_term_string}\"},\"query-input\":\"required name=search_term_string\"}],\"inLanguage\":\"de\"}]}<\/script>\n<!-- \/ Yoast SEO plugin. -->","yoast_head_json":{"title":"Unterst\u00fctzen Sie uns - Moto Racing Darmstadt e. V.","robots":{"index":"noindex","follow":"follow","max-snippet":"max-snippet:-1","max-image-preview":"max-image-preview:large","max-video-preview":"max-video-preview:-1"},"og_locale":"de_DE","og_type":"article","og_title":"Unterst\u00fctzen Sie uns - Moto Racing Darmstadt e. V.","og_description":"Wir wollen gemeinsam mit Ihnen die Zukunft der Motorrad-Technik gestalten und entwickeln. Durch die Teilnahme an der internationalen MotoStudent w\u00e4chst unser internationales Netzwerk, sowie unsere Kompetenz zur Entwicklung von modernen Motorr\u00e4dern stetig an. Dabei bieten wir den Studierenden der Technischen Universit\u00e4t und Fachhochschule Darmstadt die M\u00f6glichkeit, gemeinsam mit uns neue Herausforderungen und L\u00f6sungen auf dem [&hellip;]","og_url":"https:\/\/moto-racing-darmstadt.de\/index.php\/unterstuetzen-sie-uns\/","og_site_name":"Moto Racing Darmstadt e. V.","article_modified_time":"2022-03-09T22:31:25+00:00","twitter_card":"summary_large_image","twitter_misc":{"Gesch\u00e4tzte Lesezeit":"1\u00a0Minute"},"schema":{"@context":"https:\/\/schema.org","@graph":[{"@type":"WebPage","@id":"https:\/\/moto-racing-darmstadt.de\/index.php\/unterstuetzen-sie-uns\/","url":"https:\/\/moto-racing-darmstadt.de\/index.php\/unterstuetzen-sie-uns\/","name":"Unterst\u00fctzen Sie uns - Moto Racing Darmstadt e. V.","isPartOf":{"@id":"https:\/\/moto-racing-darmstadt.de\/#website"},"datePublished":"2022-03-09T21:16:25+00:00","dateModified":"2022-03-09T22:31:25+00:00","breadcrumb":{"@id":"https:\/\/moto-racing-darmstadt.de\/index.php\/unterstuetzen-sie-uns\/#breadcrumb"},"inLanguage":"de","potentialAction":[{"@type":"ReadAction","target":["https:\/\/moto-racing-darmstadt.de\/index.php\/unterstuetzen-sie-uns\/"]}]},{"@type":"BreadcrumbList","@id":"https:\/\/moto-racing-darmstadt.de\/index.php\/unterstuetzen-sie-uns\/#breadcrumb","itemListElement":[{"@type":"ListItem","position":1,"name":"Startseite","item":"https:\/\/moto-racing-darmstadt.de\/"},{"@type":"ListItem","position":2,"name":"Unterst\u00fctzen Sie uns"}]},{"@type":"WebSite","@id":"https:\/\/moto-racing-darmstadt.de\/#website","url":"https:\/\/moto-racing-darmstadt.de\/","name":"Moto Racing Darmstadt e. V.","description":"Die studentische Motorrad Gruppe aus Darmstadt","potentialAction":[{"@type":"SearchAction","target":{"@type":"EntryPoint","urlTemplate":"https:\/\/moto-racing-darmstadt.de\/?s={search_term_string}"},"query-input":"required name=search_term_string"}],"inLanguage":"de"}]}},"_links":{"self":[{"href":"https:\/\/moto-racing-darmstadt.de\/index.php\/wp-json\/wp\/v2\/pages\/177","targetHints":{"allow":["GET"]}}],"collection":[{"href":"https:\/\/moto-racing-darmstadt.de\/index.php\/wp-json\/wp\/v2\/pages"}],"about":[{"href":"https:\/\/moto-racing-darmstadt.de\/index.php\/wp-json\/wp\/v2\/types\/page"}],"author":[{"embeddable":true,"href":"https:\/\/moto-racing-darmstadt.de\/index.php\/wp-json\/wp\/v2\/users\/1"}],"replies":[{"embeddable":true,"href":"https:\/\/moto-racing-darmstadt.de\/index.php\/wp-json\/wp\/v2\/comments?post=177"}],"version-history":[{"count":4,"href":"https:\/\/moto-racing-darmstadt.de\/index.php\/wp-json\/wp\/v2\/pages\/177\/revisions"}],"predecessor-version":[{"id":193,"href":"https:\/\/moto-racing-darmstadt.de\/index.php\/wp-json\/wp\/v2\/pages\/177\/revisions\/193"}],"wp:attachment":[{"href":"https:\/\/moto-racing-darmstadt.de\/index.php\/wp-json\/wp\/v2\/media?parent=177"}],"curies":[{"name":"wp","href":"https:\/\/api.w.org\/{rel}","templated":true}]}}