{"id":20,"date":"2021-12-08T21:13:03","date_gmt":"2021-12-08T21:13:03","guid":{"rendered":"https:\/\/moto-racing-darmstadt.de\/?page_id=20"},"modified":"2022-05-04T15:22:53","modified_gmt":"2022-05-04T15:22:53","slug":"ueber-uns","status":"publish","type":"page","link":"https:\/\/moto-racing-darmstadt.de\/index.php\/ueber-uns\/","title":{"rendered":"\u00dcber Uns"},"content":{"rendered":"\n<p>Wir haben unseren Verein Moto Racing Darmstadt e. V. am 18.07.2020 gegr\u00fcndet. Seit Mai 2021 sind wir bereits eine<br>eingetragene Hochschulgruppe an der Technischen Universit\u00e4t Darmstadt. Uns alle verbindet eine Gemeinsamkeit: Unsere Leidenschaft zu Motorr\u00e4dern. Egal ob sportlich auf der Rennstrecke oder gem\u00fctlich \u00fcber die Landstra\u00dfe, bei uns sind alle Studierenden mit ihrem Zweirad bestens aufgehoben! <\/p>\n\n\n\n<p>Unser Verein besteht zum Gro\u00dfteil aus Studierenden der Technischen Universit\u00e4t Darmstadt und der Hochschule Darmstadt. Dabei bilden wir von Maschinenbau \u00fcber Wirtschaftsingenieurwesen bis hin zu Informatik einen gro\u00dfen Teil der Studierenden in Darmstadt ab und sind best\u00e4ndig dabei, unsere Mitgliederzahl zu erh\u00f6hen. Dabei sind wir besonders mit dem Institute of Automotive Engineering (FZD) der TU Darmstadt in engem Austausch.<\/p>\n\n\n\n<figure class=\"wp-block-image size-large\"><img loading=\"lazy\" decoding=\"async\" width=\"1920\" height=\"1079\" src=\"https:\/\/moto-racing-darmstadt.de\/wp-content\/uploads\/2022\/03\/harlie-raethel-fjVnFfC1-BY-unsplash-edited.jpeg\" alt=\"\" class=\"wp-image-184\" srcset=\"https:\/\/moto-racing-darmstadt.de\/wp-content\/uploads\/2022\/03\/harlie-raethel-fjVnFfC1-BY-unsplash-edited.jpeg 1920w, https:\/\/moto-racing-darmstadt.de\/wp-content\/uploads\/2022\/03\/harlie-raethel-fjVnFfC1-BY-unsplash-edited-300x169.jpeg 300w, https:\/\/moto-racing-darmstadt.de\/wp-content\/uploads\/2022\/03\/harlie-raethel-fjVnFfC1-BY-unsplash-edited-1024x575.jpeg 1024w, https:\/\/moto-racing-darmstadt.de\/wp-content\/uploads\/2022\/03\/harlie-raethel-fjVnFfC1-BY-unsplash-edited-768x432.jpeg 768w, https:\/\/moto-racing-darmstadt.de\/wp-content\/uploads\/2022\/03\/harlie-raethel-fjVnFfC1-BY-unsplash-edited-1536x863.jpeg 1536w\" sizes=\"auto, (max-width: 1920px) 100vw, 1920px\" \/><\/figure>\n","protected":false},"excerpt":{"rendered":"<p>Wir haben unseren Verein Moto Racing Darmstadt e. V. am 18.07.2020 gegr\u00fcndet. Seit Mai 2021 sind wir bereits eineeingetragene Hochschulgruppe an der Technischen Universit\u00e4t Darmstadt. Uns alle verbindet eine Gemeinsamkeit: Unsere Leidenschaft zu Motorr\u00e4dern. Egal ob sportlich auf der Rennstrecke oder gem\u00fctlich \u00fcber die Landstra\u00dfe, bei uns sind alle Studierenden mit ihrem Zweirad bestens aufgehoben! [&hellip;]<\/p>\n","protected":false},"author":1,"featured_media":0,"parent":0,"menu_order":0,"comment_status":"closed","ping_status":"closed","template":"","meta":{"site-sidebar-layout":"default","site-content-layout":"","ast-site-content-layout":"default","site-content-style":"default","site-sidebar-style":"default","ast-global-header-display":"","ast-banner-title-visibility":"","ast-main-header-display":"","ast-hfb-above-header-display":"","ast-hfb-below-header-display":"","ast-hfb-mobile-header-display":"","site-post-title":"","ast-breadcrumbs-content":"","ast-featured-img":"","footer-sml-layout":"","ast-disable-related-posts":"","theme-transparent-header-meta":"","adv-header-id-meta":"","stick-header-meta":"","header-above-stick-meta":"","header-main-stick-meta":"","header-below-stick-meta":"","astra-migrate-meta-layouts":"default","ast-page-background-enabled":"default","ast-page-background-meta":{"desktop":{"background-color":"var(--ast-global-color-4)","background-image":"","background-repeat":"repeat","background-position":"center center","background-size":"auto","background-attachment":"scroll","background-type":"","background-media":"","overlay-type":"","overlay-color":"","overlay-opacity":"","overlay-gradient":""},"tablet":{"background-color":"","background-image":"","background-repeat":"repeat","background-position":"center center","background-size":"auto","background-attachment":"scroll","background-type":"","background-media":"","overlay-type":"","overlay-color":"","overlay-opacity":"","overlay-gradient":""},"mobile":{"background-color":"","background-image":"","background-repeat":"repeat","background-position":"center center","background-size":"auto","background-attachment":"scroll","background-type":"","background-media":"","overlay-type":"","overlay-color":"","overlay-opacity":"","overlay-gradient":""}},"ast-content-background-meta":{"desktop":{"background-color":"var(--ast-global-color-5)","background-image":"","background-repeat":"repeat","background-position":"center center","background-size":"auto","background-attachment":"scroll","background-type":"","background-media":"","overlay-type":"","overlay-color":"","overlay-opacity":"","overlay-gradient":""},"tablet":{"background-color":"var(--ast-global-color-5)","background-image":"","background-repeat":"repeat","background-position":"center center","background-size":"auto","background-attachment":"scroll","background-type":"","background-media":"","overlay-type":"","overlay-color":"","overlay-opacity":"","overlay-gradient":""},"mobile":{"background-color":"var(--ast-global-color-5)","background-image":"","background-repeat":"repeat","background-position":"center center","background-size":"auto","background-attachment":"scroll","background-type":"","background-media":"","overlay-type":"","overlay-color":"","overlay-opacity":"","overlay-gradient":""}},"footnotes":""},"class_list":["post-20","page","type-page","status-publish","hentry"],"yoast_head":"<!-- This site is optimized with the Yoast SEO plugin v20.2.1 - https:\/\/yoast.com\/wordpress\/plugins\/seo\/ -->\n<title>\u00dcber Uns - Moto Racing Darmstadt e. V.<\/title>\n<meta name=\"robots\" content=\"noindex, follow, max-snippet:-1, max-image-preview:large, max-video-preview:-1\" \/>\n<meta property=\"og:locale\" content=\"de_DE\" \/>\n<meta property=\"og:type\" content=\"article\" \/>\n<meta property=\"og:title\" content=\"\u00dcber Uns - Moto Racing Darmstadt e. V.\" \/>\n<meta property=\"og:description\" content=\"Wir haben unseren Verein Moto Racing Darmstadt e. V. am 18.07.2020 gegr\u00fcndet. Seit Mai 2021 sind wir bereits eineeingetragene Hochschulgruppe an der Technischen Universit\u00e4t Darmstadt. Uns alle verbindet eine Gemeinsamkeit: Unsere Leidenschaft zu Motorr\u00e4dern. Egal ob sportlich auf der Rennstrecke oder gem\u00fctlich \u00fcber die Landstra\u00dfe, bei uns sind alle Studierenden mit ihrem Zweirad bestens aufgehoben! [&hellip;]\" \/>\n<meta property=\"og:url\" content=\"https:\/\/moto-racing-darmstadt.de\/index.php\/ueber-uns\/\" \/>\n<meta property=\"og:site_name\" content=\"Moto Racing Darmstadt e. V.\" \/>\n<meta property=\"article:modified_time\" content=\"2022-05-04T15:22:53+00:00\" \/>\n<meta property=\"og:image\" content=\"https:\/\/moto-racing-darmstadt.de\/wp-content\/uploads\/2022\/03\/harlie-raethel-fjVnFfC1-BY-unsplash-edited.jpeg\" \/>\n<meta name=\"twitter:card\" content=\"summary_large_image\" \/>\n<meta name=\"twitter:label1\" content=\"Gesch\u00e4tzte Lesezeit\" \/>\n\t<meta name=\"twitter:data1\" content=\"1\u00a0Minute\" \/>\n<script type=\"application\/ld+json\" class=\"yoast-schema-graph\">{\"@context\":\"https:\/\/schema.org\",\"@graph\":[{\"@type\":\"WebPage\",\"@id\":\"https:\/\/moto-racing-darmstadt.de\/index.php\/ueber-uns\/\",\"url\":\"https:\/\/moto-racing-darmstadt.de\/index.php\/ueber-uns\/\",\"name\":\"\u00dcber Uns - Moto Racing Darmstadt e. V.\",\"isPartOf\":{\"@id\":\"https:\/\/moto-racing-darmstadt.de\/#website\"},\"datePublished\":\"2021-12-08T21:13:03+00:00\",\"dateModified\":\"2022-05-04T15:22:53+00:00\",\"breadcrumb\":{\"@id\":\"https:\/\/moto-racing-darmstadt.de\/index.php\/ueber-uns\/#breadcrumb\"},\"inLanguage\":\"de\",\"potentialAction\":[{\"@type\":\"ReadAction\",\"target\":[\"https:\/\/moto-racing-darmstadt.de\/index.php\/ueber-uns\/\"]}]},{\"@type\":\"BreadcrumbList\",\"@id\":\"https:\/\/moto-racing-darmstadt.de\/index.php\/ueber-uns\/#breadcrumb\",\"itemListElement\":[{\"@type\":\"ListItem\",\"position\":1,\"name\":\"Startseite\",\"item\":\"https:\/\/moto-racing-darmstadt.de\/\"},{\"@type\":\"ListItem\",\"position\":2,\"name\":\"\u00dcber Uns\"}]},{\"@type\":\"WebSite\",\"@id\":\"https:\/\/moto-racing-darmstadt.de\/#website\",\"url\":\"https:\/\/moto-racing-darmstadt.de\/\",\"name\":\"Moto Racing Darmstadt e. V.\",\"description\":\"Die studentische Motorrad Gruppe aus Darmstadt\",\"potentialAction\":[{\"@type\":\"SearchAction\",\"target\":{\"@type\":\"EntryPoint\",\"urlTemplate\":\"https:\/\/moto-racing-darmstadt.de\/?s={search_term_string}\"},\"query-input\":\"required name=search_term_string\"}],\"inLanguage\":\"de\"}]}<\/script>\n<!-- \/ Yoast SEO plugin. -->","yoast_head_json":{"title":"\u00dcber Uns - Moto Racing Darmstadt e. V.","robots":{"index":"noindex","follow":"follow","max-snippet":"max-snippet:-1","max-image-preview":"max-image-preview:large","max-video-preview":"max-video-preview:-1"},"og_locale":"de_DE","og_type":"article","og_title":"\u00dcber Uns - Moto Racing Darmstadt e. V.","og_description":"Wir haben unseren Verein Moto Racing Darmstadt e. V. am 18.07.2020 gegr\u00fcndet. Seit Mai 2021 sind wir bereits eineeingetragene Hochschulgruppe an der Technischen Universit\u00e4t Darmstadt. Uns alle verbindet eine Gemeinsamkeit: Unsere Leidenschaft zu Motorr\u00e4dern. Egal ob sportlich auf der Rennstrecke oder gem\u00fctlich \u00fcber die Landstra\u00dfe, bei uns sind alle Studierenden mit ihrem Zweirad bestens aufgehoben! [&hellip;]","og_url":"https:\/\/moto-racing-darmstadt.de\/index.php\/ueber-uns\/","og_site_name":"Moto Racing Darmstadt e. V.","article_modified_time":"2022-05-04T15:22:53+00:00","og_image":[{"url":"https:\/\/moto-racing-darmstadt.de\/wp-content\/uploads\/2022\/03\/harlie-raethel-fjVnFfC1-BY-unsplash-edited.jpeg"}],"twitter_card":"summary_large_image","twitter_misc":{"Gesch\u00e4tzte Lesezeit":"1\u00a0Minute"},"schema":{"@context":"https:\/\/schema.org","@graph":[{"@type":"WebPage","@id":"https:\/\/moto-racing-darmstadt.de\/index.php\/ueber-uns\/","url":"https:\/\/moto-racing-darmstadt.de\/index.php\/ueber-uns\/","name":"\u00dcber Uns - Moto Racing Darmstadt e. V.","isPartOf":{"@id":"https:\/\/moto-racing-darmstadt.de\/#website"},"datePublished":"2021-12-08T21:13:03+00:00","dateModified":"2022-05-04T15:22:53+00:00","breadcrumb":{"@id":"https:\/\/moto-racing-darmstadt.de\/index.php\/ueber-uns\/#breadcrumb"},"inLanguage":"de","potentialAction":[{"@type":"ReadAction","target":["https:\/\/moto-racing-darmstadt.de\/index.php\/ueber-uns\/"]}]},{"@type":"BreadcrumbList","@id":"https:\/\/moto-racing-darmstadt.de\/index.php\/ueber-uns\/#breadcrumb","itemListElement":[{"@type":"ListItem","position":1,"name":"Startseite","item":"https:\/\/moto-racing-darmstadt.de\/"},{"@type":"ListItem","position":2,"name":"\u00dcber Uns"}]},{"@type":"WebSite","@id":"https:\/\/moto-racing-darmstadt.de\/#website","url":"https:\/\/moto-racing-darmstadt.de\/","name":"Moto Racing Darmstadt e. V.","description":"Die studentische Motorrad Gruppe aus Darmstadt","potentialAction":[{"@type":"SearchAction","target":{"@type":"EntryPoint","urlTemplate":"https:\/\/moto-racing-darmstadt.de\/?s={search_term_string}"},"query-input":"required name=search_term_string"}],"inLanguage":"de"}]}},"_links":{"self":[{"href":"https:\/\/moto-racing-darmstadt.de\/index.php\/wp-json\/wp\/v2\/pages\/20","targetHints":{"allow":["GET"]}}],"collection":[{"href":"https:\/\/moto-racing-darmstadt.de\/index.php\/wp-json\/wp\/v2\/pages"}],"about":[{"href":"https:\/\/moto-racing-darmstadt.de\/index.php\/wp-json\/wp\/v2\/types\/page"}],"author":[{"embeddable":true,"href":"https:\/\/moto-racing-darmstadt.de\/index.php\/wp-json\/wp\/v2\/users\/1"}],"replies":[{"embeddable":true,"href":"https:\/\/moto-racing-darmstadt.de\/index.php\/wp-json\/wp\/v2\/comments?post=20"}],"version-history":[{"count":5,"href":"https:\/\/moto-racing-darmstadt.de\/index.php\/wp-json\/wp\/v2\/pages\/20\/revisions"}],"predecessor-version":[{"id":213,"href":"https:\/\/moto-racing-darmstadt.de\/index.php\/wp-json\/wp\/v2\/pages\/20\/revisions\/213"}],"wp:attachment":[{"href":"https:\/\/moto-racing-darmstadt.de\/index.php\/wp-json\/wp\/v2\/media?parent=20"}],"curies":[{"name":"wp","href":"https:\/\/api.w.org\/{rel}","templated":true}]}}